{"id":61,"date":"2026-02-25T10:59:57","date_gmt":"2026-02-25T09:59:57","guid":{"rendered":"https:\/\/latelieralaligne.fr\/?page_id=61"},"modified":"2026-02-25T12:24:31","modified_gmt":"2026-02-25T11:24:31","slug":"accueil","status":"publish","type":"page","link":"https:\/\/latelieralaligne.fr\/","title":{"rendered":"Accueil"},"content":{"rendered":"\t\t<div data-elementor-type=\"wp-page\" data-elementor-id=\"61\" class=\"elementor elementor-61\">\n\t\t\t\t<div class=\"elementor-element elementor-element-5bb1b43 e-flex e-con-boxed e-con e-parent\" data-id=\"5bb1b43\" data-element_type=\"container\" data-e-type=\"container\" data-settings=\"{&quot;background_background&quot;:&quot;classic&quot;}\">\n\t\t\t\t\t<div class=\"e-con-inner\">\n\t\t\t\t<div class=\"elementor-element elementor-element-6e662de elementor-widget elementor-widget-html\" data-id=\"6e662de\" data-element_type=\"widget\" data-e-type=\"widget\" data-widget_type=\"html.default\">\n\t\t\t\t\t<!-- Surtitre -->\n<p class=\"label-surtitre\">Sites web \u00b7 Ateliers et programmes d'\u00e9criture en ligne<\/p>\n\n<!-- Titre principal -->\n<h2>Cr\u00e9ez votre pr\u00e9sence,<br>tracez <em>votre ligne.<\/em><\/h2>\n\n<!-- Paragraphe -->\n<p>J'accompagne les entrepreneuses, TPE-PME, associations et collectivit\u00e9s dans la cr\u00e9ation de leur site et j'ouvre des espaces d'\u00e9criture pour celles qui veulent (re)prendre leur plume.<\/p>\t\t\t\t<\/div>\n\t\t\t\t\t<\/div>\n\t\t\t\t<\/div>\n\t\t\t\t<\/div>\n\t\t","protected":false},"excerpt":{"rendered":"<p>Sites web \u00b7 Ateliers et programmes d&rsquo;\u00e9criture en ligne Cr\u00e9ez votre pr\u00e9sence,tracez votre ligne. J&rsquo;accompagne les entrepreneuses, TPE-PME, associations et collectivit\u00e9s dans la cr\u00e9ation de leur site et j&rsquo;ouvre des espaces d&rsquo;\u00e9criture pour celles qui veulent (re)prendre leur plume.<\/p>\n","protected":false},"author":1,"featured_media":0,"parent":0,"menu_order":0,"comment_status":"closed","ping_status":"closed","template":"elementor_canvas","meta":{"footnotes":""},"class_list":["post-61","page","type-page","status-publish","hentry"],"_links":{"self":[{"href":"https:\/\/latelieralaligne.fr\/index.php\/wp-json\/wp\/v2\/pages\/61","targetHints":{"allow":["GET"]}}],"collection":[{"href":"https:\/\/latelieralaligne.fr\/index.php\/wp-json\/wp\/v2\/pages"}],"about":[{"href":"https:\/\/latelieralaligne.fr\/index.php\/wp-json\/wp\/v2\/types\/page"}],"author":[{"embeddable":true,"href":"https:\/\/latelieralaligne.fr\/index.php\/wp-json\/wp\/v2\/users\/1"}],"replies":[{"embeddable":true,"href":"https:\/\/latelieralaligne.fr\/index.php\/wp-json\/wp\/v2\/comments?post=61"}],"version-history":[{"count":23,"href":"https:\/\/latelieralaligne.fr\/index.php\/wp-json\/wp\/v2\/pages\/61\/revisions"}],"predecessor-version":[{"id":106,"href":"https:\/\/latelieralaligne.fr\/index.php\/wp-json\/wp\/v2\/pages\/61\/revisions\/106"}],"wp:attachment":[{"href":"https:\/\/latelieralaligne.fr\/index.php\/wp-json\/wp\/v2\/media?parent=61"}],"curies":[{"name":"wp","href":"https:\/\/api.w.org\/{rel}","templated":true}]}}